 is n(-8)?
10
Let f(m) = m**2 - 9*m - 35. What is f(12)?
1
Let p(s) = -s**2 - 49*s - 5. Give p(0).
-5
Let p(j) = j**3 - 9*j**2 + 11*j - 7. Determine p(7).
-28
Let b(c) = 5*c**2 - 27*c + 8. Determine b(7).
64
Let g(y) = 4*y**2 - y. Calculate g(5).
95
Let h(a) = -6*a + 32. Give h(6).
-4
Let n(k) = 6*k**3 + k**2 + 2*k + 2. Determine n(-1).
-5
Let m(a) = -a**3 + 11*a**2 + 11*a + 23. Give m(12).
11
Let u(q) = -q**3 + 18*q**2 - 3*q + 45. Determine u(18).
-9
Let t(o) = o**3 - 3*o**2 + 5. Calculate t(3).
5
Let m(l) = -l**3 - 7*l**2 + 3*l + 14. Determine m(-7).
-7
Let n(t) = -t**3 + 6*t**2 + 6*t + 8. Give n(7).
1
Let o(l) = 19*l + 35. What is o(-2)?
-3
Let h(q) = q**3 - 7*q**2 + 4. What is h(7)?
4
Let u(f) = f**3 + 6*f**2 - f - 5. Determine u(-6).
1
Let x(z) = -2*z**2 + 135*z - 198. What is x(66)?
0
Let j(w) = w**3 - 5*w**2 + 7*w. Determine j(6).
78
Let t(i) = -i + 9. Give t(9).
0
Let j(g) = g**2 - 36*g - 359. What is j(-8)?
-7
Let j(p) = p**2 - 15*p - 3. Give j(16).
13
Let o(n) = n**3 + 7*n**2 - 21*n - 165. What is o(-7)?
-18
Let g(n) = n**3 + 5*n**2 - 3*n - 2. Calculate g(-5).
13
Let i(r) = -r**3 - 7*r**2 - r + 7. Give i(-6).
-23
Let q(f) = 88*f + 466. Calculate q(-5).
26
Let z(k) = -k**3 - 17*k**2 - 58*k + 19. Calculate z(-12).
-5
Let n(j) = -j**3 - 5*j**2 - 5*j - 3. Calculate n(-4).
1
Let n(m) = 6*m**2 + 10*m - 11. Determine n(1).
5
Let v(p) = 82*p**2 - 2*p + 3. Calculate v(1).
83
Let u(j) = j**3 + 12*j**2 - 11*j - 7. What is u(-13)?
-33
Let q(u) = -u + 5. Determine q(-7).
12
Let l(g) = g**3 + 7*g**2 + g - 6. Give l(-6).
24
Let y(o) = -o - 10. Give y(11).
-21
Let s(j) = 45*j - 244. Calculate s(5).
-19
Let i(x) = x**2 - 19*x + 55. What is i(17)?
21
Let w(x) = x**3 + 8*x**2 + 9*x + 3. Give w(-7).
-11
Let s(z) = -7*z - 7. Determine s(-2).
7
Let b(v) = -v**3 - 3*v**2 + 11*v + 12. What is b(-7)?
131
Let f(h) = -2*h**2 - 20*h - 2. Calculate f(-10).
-2
Let x(u) = 3*u + 18. What is x(-10)?
-12
Let t(z) = -z**3 + 20*z**2 + 40. Determine t(20).
40
Let m(w) = w**3 + 5*w**2 + 7*w + 26. What is m(-5)?
-9
Let f(x) = -2*x + 21. Determine f(10).
1
Let j(d) = d**2 + 26*d - 195. Give j(-32).
-3
Let f(h) = -2*h**3 - 31*h**2 + 18*h + 36. Give f(-16).
4
Let p(r) = r**2 + 6*r - 23. Calculate p(-11).
32
Let b(g) = 13*g - 190. Determine b(15).
5
Let r(v) = 4*v + 51. Give r(-19).
-25
Let a(p) = -3*p**3 + 8*p**2 - 7*p + 2. What is a(2)?
-4
Let j(c) = -c**2 + 16*c - 69. What is j(8)?
-5
Let c(w) = w**3. What is c(0)?
0
Let c(q) = 71*q - 7. Give c(1).
64
Let c(s) = 14*s - 4. Determine c(3).
38
Let t(y) = -y + 5. Give t(9).
-4
Let m(x) = -4*x + 130. Calculate m(30).
10
Let m(u) = 5*u**2 + u + 1. Give m(-2).
19
Let i(d) = -d - 30. Determine i(-23).
-7
Let x(f) = f + 26. Determine x(-2).
24
Let o(m) = 4*m**2 - 29*m + 13. Calculate o(6).
-17
Let c(s) = -s**2 + 8*s + 6. Give c(6).
18
Let l(u) = -u**3 + 5*u**2 - 6*u + 12. Calculate l(4).
4
Let i(w) = -w**2 - 13*w - 39. Calculate i(-10).
-9
Let s(q) = -12*q**2 - q - 2. Calculate s(-1).
-13
Let a(h) = -52*h + 307. What is a(6)?
-5
Let l(x) = 7*x**3 - x + 1. Determine l(1).
7
Let c(g) = -4*g + 51. Determine c(14).
-5
Let m(k) = -8*k + 1. What is m(6)?
-47
Let n(g) = 45*g - 29. Calculate n(4).
151
Let a(i) = 11*i - 29. What is a(3)?
4
Let n(b) = -b**2 + 7*b - 9. Calculate n(7).
-9
Let p(v) = 21*v + 104. Calculate p(-5).
-1
Let j(b) = -b + 11. What is j(10)?
1
Let y(q) = q**2 - 17*q - 19. Give y(19).
19
Let k(c) = c**2 + 13*c + 19. Determine k(-11).
-3
Let u(j) = -j**2 - 12*j - 42. Give u(-7).
-7
Let p(d) = 3*d**2 + 5*d + 4. What is p(-3)?
16
Let j(z) = -z**3 - z**2 + 6*z + 4. Calculate j(-2).
-4
Let m(u) = 3*u**2 - 21*u + 5. Calculate m(0).
5
Let u(g) = g**3 + 33*g**2 + 36*g + 127. What is u(-32)?
-1
Let o(n) = -n**3 + 10*n**2 - 7*n - 8. What is o(9)?
10
Let p(y) = -y**3 - 9*y**2 - 5*y - 2. Give p(-9).
43
Let a(m) = -5*m - 8. Calculate a(-2).
2
Let q(x) = -26*x**2. Give q(-1).
-26
Let n(p) = 10*p + 3. Determine n(3).
33
Let x(t) = -t**2 + 2*t + 16. Calculate x(0).
16
Let j(h) = 3*h - 35. Give j(-20).
-95
Let t(s) = -4*s**3 - 4*s**2 - 5*s - 5. Calculate t(-2).
21
Let j(o) = -4*o - 91. What is j(-25)?
9
Let l(m) = -m**3 - 8*m**2 + 2*m + 29. What is l(-8)?
13
Let s(l) = 10*l + 1. Give s(-2).
-19
Let a(y) = 2*y + 38. Determine a(-21).
-4
Let p(q) = -q**3 - 6*q**2 - q - 8. What is p(-6)?
-2
Let h(z) = z**2 + 4*z + 8. Calculate h(-4).
8
Let a(z) = -7*z - 155. What is a(-22)?
-1
Let d(g) = -7*g + 2. What is d(-2)?
16
Let h(j) = 3*j**2 - 4*j + 5. Determine h(2).
9
Let d(h) = -4*h**3 + 2*h**2 - 1. Determine d(-1).
5
Let d(g) = -11*g + 24. Give d(4).
-20
Let g(r) = 2*r - 19. Give g(17).
15
Let z(o) = -o**3 - 10*o**2 - 14*o - 4. What is z(-9)?
41
Let b(v) = 20*v - 9. Determine b(1).
11
Let t(p) = 2*p**2 + p + 4. What is t(-5)?
49
Let s(w) = w**3 + 4*w**2 - 16*w - 16. What is s(-7)?
-51
Let x(a) = -3*a + 143. Give x(43).
14
Let r(z) = -z**3 - 3*z**2 + 3*z + 3. Calculate r(-3).
-6
Let o(w) = -w**3 + 23*w**2 + w - 16. Determine o(23).
7
Let l(h) = 3*h**3 + 10*h**2 - 7*h + 6. Calculate l(-4).
2
Let c(s) = s**2 + 2*s + 2. What is c(-3)?
5
Let l(f) = f**2 + 2*f - 3. Determine l(-5).
12
Let n(t) = -t**2 + 10*t + 17. What is n(12)?
-7
Let p(j) = -5*j**2 - j + 4. What is p(3)?
-44
Let z(v) = 25*v - 9. What is z(4)?
91
Let x(p) = 7*p**2 - 108*p + 38. Determine x(15).
-7
Let c(n) = n**2 + 3*n + 12. What is c(-7)?
40
Let v(c) = -2*c - 16. Give v(-6).
-4
Let t(r) = r + 38. What is t(-6)?
32
Let q(n) = n**3 - 4*n**2 + 4*n - 4. What is q(2)?
-4
Let v(c) = c**2 + 4*c - 13. What is v(-4)?
-13
Let m(a) = -a**3 - 6*a**2 + 11*a + 8. Calculate m(-8).
48
Let x(h) = 4*h**3 + h**2 - 2*h + 1. Determine x(1).
4
Let q(w) = -w**2 - 38*w - 211. What is q(-7)?
6
Let i(n) = -n**3 - 2*n + 6. What is i(-3)?
39
Let l(r) = 9*r**2 + 118*r + 7. Determine l(-13).
-6
Let m(o) = -2*o + 7. Calculate m(3).
1
Let m(w) = 3*w + 36. Determine m(-21).
-27
Let n(d) = 6*d**2 + 2*d - 1. What is n(1)?
7
Let i(g) = g**2 - 13*g + 8. Determine i(12).
-4
Let t(h) = -h**2 + 75*h - 138. Determine t(73).
8
Let h(g) = -15*g - 148. Determine h(-12).
32
Let o(u) = -49*u**3 - u + 1. Determine o(1).
-49
Let j(u) = 6*u + 7. Calculate j(3).
25
Let p(f) = -f**2 + 5*f + 46. Determine p(-5).
-4
Let s(x) = 2*x**2 - 16*x + 5. What is s(7)?
-9
Let r(h) = -h**3 + 6*h**2 - 2*h - 2. Calculate r(3).
19
Let d(x) = -2*x - 14. Determine d(6).
-26
Let p(v) = -v**3 - 25*v**2 - 86*v - 37. Calculate p(-21).
5
Let h(n) = 3*n + 71. What is h(-18)?
17
Let n(s) = -s**2 + 4*s + 45. Determine n(0).
45
Let s(d) = 12*d**3 + d**2 - d + 1. Calculate s(-2).
-89
Let d(r) = -r**3 + 34*r**2 - 3*r + 102. Give d(34).
0
Let x(i) = -i**2 - 14*i - 8. What is x(-12)?
16
Let p(k) = 13*k + 5. Give p(-3).
-34
Let k(v) = -13*v**2 - 3*v - 3. Give k(-1).
-13
Let s(u) = u**3 + 4*u**2 + 4*u - 2. Determine s(-3).
-5
Let t(a) = 2*a**2 - 24*a + 36. Determine t(10).
-4
Let h(y) = y**2 - 9*y + 13. Calculate h(5).
-7
Let u(b) = b**2 - 26*b - 1. Give u(0).
-1
Let k(y) = 5*y - 197. Give k(39).
-2
Let j(l) = -33*l**2 - 1. Give j(1).
-34
Let f(y) = -6*y**2 - 10*y - 29. Calculate f(-3).
-53
Let b(p) = -p**2 + p + 5. Calculate b(6).
-25
Let a(j) = j**2 - 23*j + 24. Calculate a(22).
2
Let z(l) = -l**2 + 18*l - 17. Determine z(18).
-17
Let y(n) = -6*n**2 - 4*n - 33. Give y(-3).
-75
Let c(f) = -2*f + 14. Determine c(8).
-2
Let j(w) = -w**2 - 36*w - 149. What is j(-31)?
6
Let w(p) = -p**2 - 5*p + 14. Give w(-4).
18
Let c(v) = 4*v + 24. Determine c(-8).
-8
Let j(y) = y - 45. Give j(-12).
-57
Let c(f) = f**2 + 22. Calculate c(0).
22
Let x(q) = q**2 - 8*q + 9. What is x(4)?
-7
Let o(x) = x**2 - 4*x - 2. Calculate o(0).
-2
Let c(p) = 2*p - 41. Calculate c(18).
-5
Let l(f) = -6*f**2 - 10*f + 3. What is l(-5)?
-97
Let y(m) = m**3 + 8*m**2 + 11*m + 32. What is y(-6)?
38
Let q(b) = b**2 + 5*b - 6. Determine q(-6).
0
Let t(i) = -3*i**3 - i**2 + 2*i + 1. Calculate t(-2).
17
Let s(o) = o**2 + 7*o - 8. What is s(-6)?
-14
Let f(t) = t**2 - 25*t + 27. Give f(20).
-73
Let o(w) = -3*w - 6. What is o(2)?
-12
Let y(m) = 3*m**2 + 84. What is y(0)?
84
Let n(h) = -4*h + 13. Determine n(7).
-15
Let r(b) = 2*b**2 + 4*b + 2. Determine r(-2).
2
Let u(d) = d**2 - d + 6. What is u(-4)?
26
Let j(n) = 5*n + 49. What is j(-11)?
-6
Let o(t) = -9*t**2 - 7*t - 3. What is o(-3)?
-63
Let v(k) = -k**